
True
Does 48 divide 55218384?
True
Does 224 divide 899208618?
False
Does 3 divide 369110679?
True
Is 739289 a multiple of 54?
False
Does 109 divide 64753237?
False
Is 8200 a factor of 1553334200?
True
Is 167418319 a multiple of 34?
False
Is 306 a factor of 26618452?
False
Is 20 a factor of 113692658?
False
Is 129 a factor of 167048292?
True
Does 38 divide 1215927496?
True
Is 143206648 a multiple of 437?
True
Is 2422706770 a multiple of 43?
False
Does 2492 divide 205617412?
True
Is 7449970 a multiple of 48?
False
Does 310 divide 111276980?
True
Is 854 a factor of 318520650?
True
Is 165338212 a multiple of 2626?
True
Is 24 a factor of 1076697480?
True
Is 492663174 a multiple of 7222?
True
Is 540 a factor of 44098020?
True
Is 52660312 a multiple of 628?
True
Does 135 divide 150371640?
True
Is 63620719 a multiple of 219?
False
Is 10688979 a multiple of 71?
True
Does 991 divide 1452404600?
False
Is 5281 a factor of 302778827?
False
Does 20 divide 18413440?
True
Is 5758297580 a multiple of 4886?
True
Is 76 a factor of 16521244?
False
Is 146 a factor of 11279705?
False
Is 19209908 a multiple of 55?
False
Is 21523304 a multiple of 7?
False
Is 10 a factor of 66629604?
False
Is 20 a factor of 1212208042?
False
Does 479 divide 2264799178?
True
Does 92 divide 2681126990?
False
Is 156 a factor of 2501229?
False
Does 693 divide 18801262?
False
Does 13 divide 554754754?
False
Does 934 divide 3805116?
True
Does 5 divide 19331695?
True
Is 136258708 a multiple of 12?
False
Is 289 a factor of 1049554330?
False
Does 96 divide 692003520?
True
Does 13 divide 298420372?
False
Does 3297 divide 147820574?
False
Does 885 divide 19708950?
True
Is 109 a factor of 5616770?
True
Is 229780474 a multiple of 154?
True
Is 14 a factor of 722301412?
True
Is 117062413 a multiple of 1261?
True
Is 107 a factor of 74526677?
True
Does 27 divide 35547390?
True
Is 70 a factor of 2865185400?
True
Is 145409950 a multiple of 99?
False
Is 219151628 a multiple of 809?
True
Does 206 divide 37388794?
True
Does 64 divide 10924096?
True
Is 27054918 a multiple of 74?
True
Does 472 divide 44565296?
True
Is 822 a factor of 8926920?
True
Is 99963 a multiple of 9?
True
Does 95 divide 946892360?
True
Is 2926 a factor of 91068824?
True
Is 92 a factor of 296681946?
False
Does 187 divide 115538137?
True
Does 651 divide 5256825?
True
Does 44 divide 8980420?
False
Is 1754649523 a multiple of 43?
False
Is 36 a factor of 7057908?
True
Does 3 divide 53849844?
True
Does 10 divide 2236869346?
False
Does 246 divide 160781255?
False
Is 32637992 a multiple of 747?
False
Is 67216600 a multiple of 220?
True
Is 7 a factor of 513502528?
True
Does 437 divide 9118397?
False
Is 3 a factor of 460240875?
True
Does 412 divide 106448103?
False
Is 349 a factor of 71495723?
False
Is 59057830 a multiple of 13?
True
Does 62 divide 23530364?
True
Is 1317 a factor of 118597167?
True
Is 23 a factor of 6410076517?
True
Is 1385893683 a multiple of 224?
False
Does 2707 divide 2040637868?
False
Is 153 a factor of 1422204870?
False
Is 55925056 a multiple of 209?
True
Is 254 a factor of 5699127540?
True
Is 142586218 a multiple of 130?
False
Is 1801 a factor of 50013770?
True
Does 1137 divide 170323737?
True
Does 11 divide 1188978835?
True
Does 1280 divide 351537920?
True
Does 207 divide 180130906?
False
Is 2547 a factor of 534047365?
False
Does 86 divide 359951444?
False
Is 1979 a factor of 165485909?
False
Is 51724722 a multiple of 2427?
False
Does 208 divide 2725054?
False
Is 91825991 a multiple of 48?
False
Is 123 a factor of 664889?
False
Is 1666231642 a multiple of 2363?
True
Does 12 divide 474040080?
True
Is 589 a factor of 1482285531?
False
Is 24 a factor of 97347166?
False
Is 38 a factor of 711347746?
False
Does 489 divide 64856344?
False
Is 144600092 a multiple of 364?
True
Is 1678829655 a multiple of 1231?
False
Is 2255574 a multiple of 34?
False
Is 23359637 a multiple of 7?
True
Is 13 a factor of 3411302817?
True
Is 866 a factor of 29540721?
False
Does 72 divide 156013501?
False
Does 17 divide 33934482?
True
Does 128 divide 247095170?
False
Does 38 divide 3968584416?
True
Does 43 divide 484128059?
False
Does 2 divide 210705?
False
Is 479 a factor of 368740?
False
Is 60 a factor of 75395880?
True
Is 3023 a factor of 38542544?
False
Does 95 divide 104189451?
False
Is 1467 a factor of 2572240?
False
Is 1121 a factor of 204971204?
False
Is 97414458 a multiple of 2467?
False
Is 80 a factor of 19261687?
False
Is 3000 a factor of 2738827526?
False
Does 31 divide 15469682?
True
Is 34 a factor of 1033706297?
False
Is 34611480 a multiple of 474?
True
Is 139 a factor of 623694946?
True
Does 501 divide 3704521?
False
Is 943 a factor of 2045367?
True
Is 49513130 a multiple of 206?
True
Is 3884 a factor of 449360518?
False
Is 13 a factor of 26169520?
True
Is 515672739 a multiple of 693?
False
Is 96 a factor of 24350165?
False
Does 828 divide 3563065732?
False
Is 141 a factor of 71998565?
False
Is 56606093 a multiple of 14?
False
Is 10742361 a multiple of 3?
True
Is 100 a factor of 28405900?
True
Does 182 divide 680001870?
False
Does 1001 divide 48260493?
False
Is 4011146850 a multiple of 123?
True
Is 96054142 a multiple of 75?
False
Is 734 a factor of 1596823984?
False
Is 623968 a multiple of 7?
False
Does 32 divide 116972736?
True
Is 413 a factor of 20389810?
True
Does 3 divide 123446732?
False
Is 1709180 a multiple of 55?
True
Does 3 divide 3237313?
False
Is 2282594370 a multiple of 35?
True
Does 16 divide 24544480?
True
Is 534309304 a multiple of 989?
False
Is 124 a factor of 7351588?
True
Does 517 divide 85252233?
False
Does 187 divide 5158395?
True
Is 19 a factor of 987469735?
False
Is 266740113 a multiple of 71?
True
Does 24 divide 75973320?
True
Does 13 divide 22134034?
True
Is 62 a factor of 3024635199?
False
Is 936 a factor of 46725427?
False
Is 2444642 a multiple of 3?
False
Does 4 divide 16762843?
False
Is 155 a factor of 2780700?
True
Is 344419270 a multiple of 26?
True
Is 9 a factor of 31184037?
True
Does 36 divide 4776179?
False
Is 8231 a factor of 212956665?
False
Is 33103573 a multiple of 499?
False
Is 111 a factor of 426810256?
False
Does 27 divide 57966818?
False
Is 8 a factor of 458214158?
False
Is 39 a factor of 20763249?
True
Is 1080950518 a multiple of 8?
False
Is 435702774 a multiple of 24?
False
Is 392194315 a multiple of 305?
True
Is 496 a factor of 362060656?
True
Is 84810231 a multiple of 1657?
True
Is 576164 a multiple of 74?
True
Is 2138 a factor of 1742634626?
True
Is 8 a factor of 95710040?
True
Is 1920 a factor of 598695925?
False
Does 15 divide 289575?
True
Is 122161206 a multiple of 970?
False
Is 1746 a factor of 1004514863?
False
Is 22 a factor of 6027230?
True
Is 46 a factor of 92836786?
True
Is 12287069 a multiple of 902?
False
Does 658 divide 17379754?
True
Does 26 divide 2187822?
True
Does 12 divide 634627656?
True
Does 329 divide 16278597?
False
Is 3892 a factor of 1884572564?
True
Is 1816 a factor of 1031495379?
False
Is 3 a factor of 8180634?
True
Does 28 divide 289981546?
False
Is 49 a factor of 44045627?
False
Is 9933253 a multiple of 439?
True
Is 21 a factor of 108738231?
True
Is 390739996 a multiple of 905?
False
Is 75 a factor of 25247925?
True
Is 1069 a factor of 41971078?
True
Is 5734 a factor of 168405445?
False
Is 133 a factor of 119258705?
False
Does 35 divide 18604060?
False
Does 406 divide 216115031?
False
Is 234 a factor of 33415902?
True
Does 1275 divide 10780124?
False
Is 1909 a factor of 957919019?
True
Does 550 divide 1048078032?
False
Does 6 divide 663112392?
True
Does 9 divide 36589941?
True
Is 773 a factor of 982719600?
False
Is 3 a factor of 16417640?
False
Is 106 a factor of 7424518?
False
Is 10430706 a multiple of 66?
True
Is 796365763 a multiple of 23?
False
Is 216 a factor of 172704096?
True
Is 5340216840 a multiple of 8?
True
Does 197 divide 230485469?
True
Is 644134140 a multiple of 13?
True
Is 108 a factor of 2160900?
False
Does 6 divide 4359682?
False
Is 54 a factor of 7694244?
True
Does 9 divide 72628902?
True
Is 88 a factor of 230993160?
False
Does 4795 divide 2786454031?
False
Is 3138519096 a multiple of 36?
True
Does 307 divide 35012429?
True
Is 11612795 a multiple of 215?
True
Is 231 a factor of 210645897?
True
Is 403752944 a multiple of 56?
True
Is 354700934